{"id":143,"date":"2018-06-09T10:47:42","date_gmt":"2018-06-09T10:47:42","guid":{"rendered":"https:\/\/archline.ch\/?page_id=143"},"modified":"2025-02-03T12:54:09","modified_gmt":"2025-02-03T12:54:09","slug":"contact","status":"publish","type":"page","link":"https:\/\/architurlinie.ch\/?page_id=143","title":{"rendered":"Kontakt"},"content":{"rendered":"<h6 style=\"text-align: center;\">GFS GmbH<\/h6>\n<p style=\"text-align: center;\">unser B\u00fcro in Z\u00fcrich<\/p>\n<p style=\"text-align: center;\">Goldbrunnenstrasse 87<\/p>\n<p style=\"text-align: center;\">8055 Z\u00fcrich<\/p>\n<p style=\"text-align: center;\">Tel.: + 41 (0) 44 688 04 90<\/p>\n<p style=\"text-align: center;\">Email: a@architurlinie.ch<\/p>\n<p style=\"text-align: center;\">\u00a0<\/p>\n\n\n<p class=\"wp-block-paragraph\"><\/p>\n","protected":false},"excerpt":{"rendered":"<p>GFS GmbH unser B\u00fcro in Z\u00fcrich Goldbrunnenstrasse 87 8055 Z\u00fcrich Tel.: + 41 (0) 44 688 04 90 Email: a@architurlinie.ch \u00a0<\/p>\n","protected":false},"author":1,"featured_media":0,"parent":0,"menu_order":0,"comment_status":"closed","ping_status":"closed","template":"","meta":{"footnotes":""},"class_list":["post-143","page","type-page","status-publish","hentry"],"_links":{"self":[{"href":"https:\/\/architurlinie.ch\/index.php?rest_route=\/wp\/v2\/pages\/143","targetHints":{"allow":["GET"]}}],"collection":[{"href":"https:\/\/architurlinie.ch\/index.php?rest_route=\/wp\/v2\/pages"}],"about":[{"href":"https:\/\/architurlinie.ch\/index.php?rest_route=\/wp\/v2\/types\/page"}],"author":[{"embeddable":true,"href":"https:\/\/architurlinie.ch\/index.php?rest_route=\/wp\/v2\/users\/1"}],"replies":[{"embeddable":true,"href":"https:\/\/architurlinie.ch\/index.php?rest_route=%2Fwp%2Fv2%2Fcomments&post=143"}],"version-history":[{"count":2,"href":"https:\/\/architurlinie.ch\/index.php?rest_route=\/wp\/v2\/pages\/143\/revisions"}],"predecessor-version":[{"id":1481,"href":"https:\/\/architurlinie.ch\/index.php?rest_route=\/wp\/v2\/pages\/143\/revisions\/1481"}],"wp:attachment":[{"href":"https:\/\/architurlinie.ch\/index.php?rest_route=%2Fwp%2Fv2%2Fmedia&parent=143"}],"curies":[{"name":"wp","href":"https:\/\/api.w.org\/{rel}","templated":true}]}}

<h6 style="text-align: center;">GFS GmbH</h6>
<p style="text-align: center;">unser Büro in Zürich</p>
<p style="text-align: center;">Goldbrunnenstrasse 87</p>
<p style="text-align: center;">8055 Zürich</p>
<p style="text-align: center;">Tel.: + 41 (0) 44 688 04 90</p>
<p style="text-align: center;">Email: a@architurlinie.ch</p>
<p style="text-align: center;"> </p>


<p class="wp-block-paragraph"></p>

<p>GFS GmbH unser Büro in Zürich Goldbrunnenstrasse 87 8055 Zürich Tel.: + 41 (0) 44 688 04 90 Email: a@architurlinie.ch  </p>
