{"id":123,"date":"2018-06-09T10:01:33","date_gmt":"2018-06-09T10:01:33","guid":{"rendered":"https:\/\/archline.ch\/?page_id=123"},"modified":"2025-02-01T18:23:14","modified_gmt":"2025-02-01T18:23:14","slug":"visualisation","status":"publish","type":"page","link":"https:\/\/architurlinie.ch\/?page_id=123","title":{"rendered":"3D Visualisierung"},"content":{"rendered":"<p>Wir bieten Ihnen einen 3D-Visualisierungsservice Ihrer Skizzen, Pl\u00e4ne, Innenr\u00e4ume; H\u00e4user, Villen und \u00f6ffentliche Geb\u00e4ude in au\u00dfergew\u00f6hnlicher Qualit\u00e4t und zu sehr attraktiven Preisen. Damit garantieren wir das beste Preis-Leistungs-Verh\u00e4ltnis in der Schweiz.<\/p>\n<div id='gallery-1' class='gallery galleryid-123 gallery-columns-3 gallery-size-medium'><figure class='gallery-item'>\n\t\t\t<div class='gallery-icon landscape'>\n\t\t\t\t<a href='https:\/\/architurlinie.ch\/?attachment_id=434'><img loading=\"lazy\" decoding=\"async\" width=\"300\" height=\"225\" src=\"https:\/\/architurlinie.ch\/wp-content\/uploads\/2018\/06\/D0001-300x225.jpg\" class=\"attachment-medium size-medium\" alt=\"\" aria-describedby=\"gallery-1-434\" srcset=\"https:\/\/architurlinie.ch\/wp-content\/uploads\/2018\/06\/D0001-300x225.jpg 300w, https:\/\/architurlinie.ch\/wp-content\/uploads\/2018\/06\/D0001-768x576.jpg 768w, https:\/\/architurlinie.ch\/wp-content\/uploads\/2018\/06\/D0001.jpg 800w\" sizes=\"auto, (max-width: 300px) 100vw, 300px\" \/><\/a>\n\t\t\t<\/div>\n\t\t\t\t<figcaption class='wp-caption-text gallery-caption' id='gallery-1-434'>\n\t\t\t\tInt\u00e9rieures du bureau\n\t\t\t\t<\/figcaption><\/figure><figure class='gallery-item'>\n\t\t\t<div class='gallery-icon landscape'>\n\t\t\t\t<a href='https:\/\/architurlinie.ch\/?attachment_id=435'><img loading=\"lazy\" decoding=\"async\" width=\"300\" height=\"225\" src=\"https:\/\/architurlinie.ch\/wp-content\/uploads\/2018\/06\/GOLFSTRIM0002-300x225.jpg\" class=\"attachment-medium size-medium\" alt=\"\" aria-describedby=\"gallery-1-435\" srcset=\"https:\/\/architurlinie.ch\/wp-content\/uploads\/2018\/06\/GOLFSTRIM0002-300x225.jpg 300w, https:\/\/architurlinie.ch\/wp-content\/uploads\/2018\/06\/GOLFSTRIM0002-768x576.jpg 768w, https:\/\/architurlinie.ch\/wp-content\/uploads\/2018\/06\/GOLFSTRIM0002.jpg 800w\" sizes=\"auto, (max-width: 300px) 100vw, 300px\" \/><\/a>\n\t\t\t<\/div>\n\t\t\t\t<figcaption class='wp-caption-text gallery-caption' id='gallery-1-435'>\n\t\t\t\tInt\u00e9rieures du bureau\n\t\t\t\t<\/figcaption><\/figure><figure class='gallery-item'>\n\t\t\t<div class='gallery-icon landscape'>\n\t\t\t\t<a href='https:\/\/architurlinie.ch\/?attachment_id=436'><img loading=\"lazy\" decoding=\"async\" width=\"300\" height=\"225\" src=\"https:\/\/architurlinie.ch\/wp-content\/uploads\/2018\/06\/Gost01-300x225.jpg\" class=\"attachment-medium size-medium\" alt=\"\" aria-describedby=\"gallery-1-436\" srcset=\"https:\/\/architurlinie.ch\/wp-content\/uploads\/2018\/06\/Gost01-300x225.jpg 300w, https:\/\/architurlinie.ch\/wp-content\/uploads\/2018\/06\/Gost01-768x576.jpg 768w, https:\/\/architurlinie.ch\/wp-content\/uploads\/2018\/06\/Gost01.jpg 1024w\" sizes=\"auto, (max-width: 300px) 100vw, 300px\" \/><\/a>\n\t\t\t<\/div>\n\t\t\t\t<figcaption class='wp-caption-text gallery-caption' id='gallery-1-436'>\n\t\t\t\tInt\u00e9rieures du bureau\n\t\t\t\t<\/figcaption><\/figure><figure class='gallery-item'>\n\t\t\t<div class='gallery-icon landscape'>\n\t\t\t\t<a href='https:\/\/architurlinie.ch\/?attachment_id=437'><img loading=\"lazy\" decoding=\"async\" width=\"300\" height=\"225\" src=\"https:\/\/architurlinie.ch\/wp-content\/uploads\/2018\/06\/Gostinnaya0004-300x225.jpg\" class=\"attachment-medium size-medium\" alt=\"\" aria-describedby=\"gallery-1-437\" srcset=\"https:\/\/architurlinie.ch\/wp-content\/uploads\/2018\/06\/Gostinnaya0004-300x225.jpg 300w, https:\/\/architurlinie.ch\/wp-content\/uploads\/2018\/06\/Gostinnaya0004-768x576.jpg 768w, https:\/\/architurlinie.ch\/wp-content\/uploads\/2018\/06\/Gostinnaya0004.jpg 1024w\" sizes=\"auto, (max-width: 300px) 100vw, 300px\" \/><\/a>\n\t\t\t<\/div>\n\t\t\t\t<figcaption class='wp-caption-text gallery-caption' id='gallery-1-437'>\n\t\t\t\tSalle de s\u00e9jour\n\t\t\t\t<\/figcaption><\/figure><figure class='gallery-item'>\n\t\t\t<div class='gallery-icon landscape'>\n\t\t\t\t<a href='https:\/\/architurlinie.ch\/?attachment_id=438'><img loading=\"lazy\" decoding=\"async\" width=\"300\" height=\"225\" src=\"https:\/\/architurlinie.ch\/wp-content\/uploads\/2018\/06\/gostinnaya20000-300x225.jpg\" class=\"attachment-medium size-medium\" alt=\"\" aria-describedby=\"gallery-1-438\" srcset=\"https:\/\/architurlinie.ch\/wp-content\/uploads\/2018\/06\/gostinnaya20000-300x225.jpg 300w, https:\/\/architurlinie.ch\/wp-content\/uploads\/2018\/06\/gostinnaya20000-768x576.jpg 768w, https:\/\/architurlinie.ch\/wp-content\/uploads\/2018\/06\/gostinnaya20000.jpg 800w\" sizes=\"auto, (max-width: 300px) 100vw, 300px\" \/><\/a>\n\t\t\t<\/div>\n\t\t\t\t<figcaption class='wp-caption-text gallery-caption' id='gallery-1-438'>\n\t\t\t\tSalle de s\u00e9jour\n\t\t\t\t<\/figcaption><\/figure><figure class='gallery-item'>\n\t\t\t<div class='gallery-icon landscape'>\n\t\t\t\t<a href='https:\/\/architurlinie.ch\/?attachment_id=440'><img loading=\"lazy\" decoding=\"async\" width=\"300\" height=\"225\" src=\"https:\/\/architurlinie.ch\/wp-content\/uploads\/2018\/06\/KAB0000-300x225.jpg\" class=\"attachment-medium size-medium\" alt=\"\" aria-describedby=\"gallery-1-440\" srcset=\"https:\/\/architurlinie.ch\/wp-content\/uploads\/2018\/06\/KAB0000-300x225.jpg 300w, https:\/\/architurlinie.ch\/wp-content\/uploads\/2018\/06\/KAB0000-768x576.jpg 768w, https:\/\/architurlinie.ch\/wp-content\/uploads\/2018\/06\/KAB0000.jpg 800w\" sizes=\"auto, (max-width: 300px) 100vw, 300px\" \/><\/a>\n\t\t\t<\/div>\n\t\t\t\t<figcaption class='wp-caption-text gallery-caption' id='gallery-1-440'>\n\t\t\t\tSalle de s\u00e9jour\n\t\t\t\t<\/figcaption><\/figure><figure class='gallery-item'>\n\t\t\t<div class='gallery-icon landscape'>\n\t\t\t\t<a href='https:\/\/architurlinie.ch\/?attachment_id=442'><img loading=\"lazy\" decoding=\"async\" width=\"300\" height=\"180\" src=\"https:\/\/architurlinie.ch\/wp-content\/uploads\/2018\/06\/last-220004-300x180.jpg\" class=\"attachment-medium size-medium\" alt=\"\" aria-describedby=\"gallery-1-442\" srcset=\"https:\/\/architurlinie.ch\/wp-content\/uploads\/2018\/06\/last-220004-300x180.jpg 300w, https:\/\/architurlinie.ch\/wp-content\/uploads\/2018\/06\/last-220004-768x461.jpg 768w, https:\/\/architurlinie.ch\/wp-content\/uploads\/2018\/06\/last-220004.jpg 1024w\" sizes=\"auto, (max-width: 300px) 100vw, 300px\" \/><\/a>\n\t\t\t<\/div>\n\t\t\t\t<figcaption class='wp-caption-text gallery-caption' id='gallery-1-442'>\n\t\t\t\tMaison individuelle\n\t\t\t\t<\/figcaption><\/figure><figure class='gallery-item'>\n\t\t\t<div class='gallery-icon landscape'>\n\t\t\t\t<a href='https:\/\/architurlinie.ch\/?attachment_id=441'><img loading=\"lazy\" decoding=\"async\" width=\"300\" height=\"180\" src=\"https:\/\/architurlinie.ch\/wp-content\/uploads\/2018\/06\/last-220001-300x180.jpg\" class=\"attachment-medium size-medium\" alt=\"\" aria-describedby=\"gallery-1-441\" srcset=\"https:\/\/architurlinie.ch\/wp-content\/uploads\/2018\/06\/last-220001-300x180.jpg 300w, https:\/\/architurlinie.ch\/wp-content\/uploads\/2018\/06\/last-220001-768x461.jpg 768w, https:\/\/architurlinie.ch\/wp-content\/uploads\/2018\/06\/last-220001.jpg 1024w\" sizes=\"auto, (max-width: 300px) 100vw, 300px\" \/><\/a>\n\t\t\t<\/div>\n\t\t\t\t<figcaption class='wp-caption-text gallery-caption' id='gallery-1-441'>\n\t\t\t\tMaison individuelle\n\t\t\t\t<\/figcaption><\/figure><figure class='gallery-item'>\n\t\t\t<div class='gallery-icon landscape'>\n\t\t\t\t<a href='https:\/\/architurlinie.ch\/?attachment_id=439'><img loading=\"lazy\" decoding=\"async\" width=\"300\" height=\"202\" src=\"https:\/\/architurlinie.ch\/wp-content\/uploads\/2018\/06\/Hotel-300x202.png\" class=\"attachment-medium size-medium\" alt=\"\" aria-describedby=\"gallery-1-439\" srcset=\"https:\/\/architurlinie.ch\/wp-content\/uploads\/2018\/06\/Hotel-300x202.png 300w, https:\/\/architurlinie.ch\/wp-content\/uploads\/2018\/06\/Hotel.png 655w\" sizes=\"auto, (max-width: 300px) 100vw, 300px\" \/><\/a>\n\t\t\t<\/div>\n\t\t\t\t<figcaption class='wp-caption-text gallery-caption' id='gallery-1-439'>\n\t\t\t\tCentre commercial\n\t\t\t\t<\/figcaption><\/figure><figure class='gallery-item'>\n\t\t\t<div class='gallery-icon landscape'>\n\t\t\t\t<a href='https:\/\/architurlinie.ch\/?attachment_id=443'><img loading=\"lazy\" decoding=\"async\" width=\"300\" height=\"225\" src=\"https:\/\/architurlinie.ch\/wp-content\/uploads\/2018\/06\/perspektiva0000-300x225.jpg\" class=\"attachment-medium size-medium\" alt=\"\" aria-describedby=\"gallery-1-443\" srcset=\"https:\/\/architurlinie.ch\/wp-content\/uploads\/2018\/06\/perspektiva0000-300x225.jpg 300w, https:\/\/architurlinie.ch\/wp-content\/uploads\/2018\/06\/perspektiva0000-1024x768.jpg 1024w, https:\/\/architurlinie.ch\/wp-content\/uploads\/2018\/06\/perspektiva0000-768x576.jpg 768w, https:\/\/architurlinie.ch\/wp-content\/uploads\/2018\/06\/perspektiva0000-1536x1152.jpg 1536w, https:\/\/architurlinie.ch\/wp-content\/uploads\/2018\/06\/perspektiva0000.jpg 2000w\" sizes=\"auto, (max-width: 300px) 100vw, 300px\" \/><\/a>\n\t\t\t<\/div>\n\t\t\t\t<figcaption class='wp-caption-text gallery-caption' id='gallery-1-443'>\n\t\t\t\tCentre commercial\n\t\t\t\t<\/figcaption><\/figure><figure class='gallery-item'>\n\t\t\t<div class='gallery-icon landscape'>\n\t\t\t\t<a href='https:\/\/architurlinie.ch\/?attachment_id=444'><img loading=\"lazy\" decoding=\"async\" width=\"300\" height=\"230\" src=\"https:\/\/architurlinie.ch\/wp-content\/uploads\/2018\/06\/Autocenter-300x230.png\" class=\"attachment-medium size-medium\" alt=\"\" aria-describedby=\"gallery-1-444\" srcset=\"https:\/\/architurlinie.ch\/wp-content\/uploads\/2018\/06\/Autocenter-300x230.png 300w, https:\/\/architurlinie.ch\/wp-content\/uploads\/2018\/06\/Autocenter.png 668w\" sizes=\"auto, (max-width: 300px) 100vw, 300px\" \/><\/a>\n\t\t\t<\/div>\n\t\t\t\t<figcaption class='wp-caption-text gallery-caption' id='gallery-1-444'>\n\t\t\t\tParking\n\t\t\t\t<\/figcaption><\/figure><figure class='gallery-item'>\n\t\t\t<div class='gallery-icon landscape'>\n\t\t\t\t<a href='https:\/\/architurlinie.ch\/?attachment_id=445'><img loading=\"lazy\" decoding=\"async\" width=\"300\" height=\"141\" src=\"https:\/\/architurlinie.ch\/wp-content\/uploads\/2018\/06\/Autocenter-2-300x141.png\" class=\"attachment-medium size-medium\" alt=\"\" aria-describedby=\"gallery-1-445\" srcset=\"https:\/\/architurlinie.ch\/wp-content\/uploads\/2018\/06\/Autocenter-2-300x141.png 300w, https:\/\/architurlinie.ch\/wp-content\/uploads\/2018\/06\/Autocenter-2-768x361.png 768w, https:\/\/architurlinie.ch\/wp-content\/uploads\/2018\/06\/Autocenter-2.png 797w\" sizes=\"auto, (max-width: 300px) 100vw, 300px\" \/><\/a>\n\t\t\t<\/div>\n\t\t\t\t<figcaption class='wp-caption-text gallery-caption' id='gallery-1-445'>\n\t\t\t\tParking\n\t\t\t\t<\/figcaption><\/figure>\n\t\t<\/div>\n\n","protected":false},"excerpt":{"rendered":"<p>Wir bieten Ihnen einen 3D-Visualisierungsservice Ihrer Skizzen, Pl\u00e4ne, Innenr\u00e4ume; H\u00e4user, Villen und \u00f6ffentliche Geb\u00e4ude in au\u00dfergew\u00f6hnlicher Qualit\u00e4t und zu sehr attraktiven Preisen. Damit garantieren wir das beste Preis-Leistungs-Verh\u00e4ltnis in der Schweiz.<\/p>\n","protected":false},"author":1,"featured_media":0,"parent":0,"menu_order":0,"comment_status":"closed","ping_status":"closed","template":"","meta":{"footnotes":""},"class_list":["post-123","page","type-page","status-publish","hentry"],"_links":{"self":[{"href":"https:\/\/architurlinie.ch\/index.php?rest_route=\/wp\/v2\/pages\/123","targetHints":{"allow":["GET"]}}],"collection":[{"href":"https:\/\/architurlinie.ch\/index.php?rest_route=\/wp\/v2\/pages"}],"about":[{"href":"https:\/\/architurlinie.ch\/index.php?rest_route=\/wp\/v2\/types\/page"}],"author":[{"embeddable":true,"href":"https:\/\/architurlinie.ch\/index.php?rest_route=\/wp\/v2\/users\/1"}],"replies":[{"embeddable":true,"href":"https:\/\/architurlinie.ch\/index.php?rest_route=%2Fwp%2Fv2%2Fcomments&post=123"}],"version-history":[{"count":2,"href":"https:\/\/architurlinie.ch\/index.php?rest_route=\/wp\/v2\/pages\/123\/revisions"}],"predecessor-version":[{"id":1455,"href":"https:\/\/architurlinie.ch\/index.php?rest_route=\/wp\/v2\/pages\/123\/revisions\/1455"}],"wp:attachment":[{"href":"https:\/\/architurlinie.ch\/index.php?rest_route=%2Fwp%2Fv2%2Fmedia&parent=123"}],"curies":[{"name":"wp","href":"https:\/\/api.w.org\/{rel}","templated":true}]}}

<p>Wir bieten Ihnen einen 3D-Visualisierungsservice Ihrer Skizzen, Pläne, Innenräume; Häuser, Villen und öffentliche Gebäude in außergewöhnlicher Qualität und zu sehr attraktiven Preisen. Damit garantieren wir das beste Preis-Leistungs-Verhältnis in der Schweiz.</p>
<div id='gallery-1' class='gallery galleryid-123 gallery-columns-3 gallery-size-medium'><figure class='gallery-item'>
			<div class='gallery-icon landscape'>
				<a href='https://architurlinie.ch/?attachment_id=434'><img loading="lazy" decoding="async" width="300" height="225" src="https://architurlinie.ch/wp-content/uploads/2018/06/D0001-300x225.jpg" class="attachment-medium size-medium" alt="" aria-describedby="gallery-1-434" srcset="https://architurlinie.ch/wp-content/uploads/2018/06/D0001-300x225.jpg 300w, https://architurlinie.ch/wp-content/uploads/2018/06/D0001-768x576.jpg 768w, https://architurlinie.ch/wp-content/uploads/2018/06/D0001.jpg 800w" sizes="auto, (max-width: 300px) 100vw, 300px" /></a>
			</div>
				<figcaption class='wp-caption-text gallery-caption' id='gallery-1-434'>
				Intérieures du bureau
				</figcaption></figure><figure class='gallery-item'>
			<div class='gallery-icon landscape'>
				<a href='https://architurlinie.ch/?attachment_id=435'><img loading="lazy" decoding="async" width="300" height="225" src="https://architurlinie.ch/wp-content/uploads/2018/06/GOLFSTRIM0002-300x225.jpg" class="attachment-medium size-medium" alt="" aria-describedby="gallery-1-435" srcset="https://architurlinie.ch/wp-content/uploads/2018/06/GOLFSTRIM0002-300x225.jpg 300w, https://architurlinie.ch/wp-content/uploads/2018/06/GOLFSTRIM0002-768x576.jpg 768w, https://architurlinie.ch/wp-content/uploads/2018/06/GOLFSTRIM0002.jpg 800w" sizes="auto, (max-width: 300px) 100vw, 300px" /></a>
			</div>
				<figcaption class='wp-caption-text gallery-caption' id='gallery-1-435'>
				Intérieures du bureau
				</figcaption></figure><figure class='gallery-item'>
			<div class='gallery-icon landscape'>
				<a href='https://architurlinie.ch/?attachment_id=436'><img loading="lazy" decoding="async" width="300" height="225" src="https://architurlinie.ch/wp-content/uploads/2018/06/Gost01-300x225.jpg" class="attachment-medium size-medium" alt="" aria-describedby="gallery-1-436" srcset="https://architurlinie.ch/wp-content/uploads/2018/06/Gost01-300x225.jpg 300w, https://architurlinie.ch/wp-content/uploads/2018/06/Gost01-768x576.jpg 768w, https://architurlinie.ch/wp-content/uploads/2018/06/Gost01.jpg 1024w" sizes="auto, (max-width: 300px) 100vw, 300px" /></a>
			</div>
				<figcaption class='wp-caption-text gallery-caption' id='gallery-1-436'>
				Intérieures du bureau
				</figcaption></figure><figure class='gallery-item'>
			<div class='gallery-icon landscape'>
				<a href='https://architurlinie.ch/?attachment_id=437'><img loading="lazy" decoding="async" width="300" height="225" src="https://architurlinie.ch/wp-content/uploads/2018/06/Gostinnaya0004-300x225.jpg" class="attachment-medium size-medium" alt="" aria-describedby="gallery-1-437" srcset="https://architurlinie.ch/wp-content/uploads/2018/06/Gostinnaya0004-300x225.jpg 300w, https://architurlinie.ch/wp-content/uploads/2018/06/Gostinnaya0004-768x576.jpg 768w, https://architurlinie.ch/wp-content/uploads/2018/06/Gostinnaya0004.jpg 1024w" sizes="auto, (max-width: 300px) 100vw, 300px" /></a>
			</div>
				<figcaption class='wp-caption-text gallery-caption' id='gallery-1-437'>
				Salle de séjour
				</figcaption></figure><figure class='gallery-item'>
			<div class='gallery-icon landscape'>
				<a href='https://architurlinie.ch/?attachment_id=438'><img loading="lazy" decoding="async" width="300" height="225" src="https://architurlinie.ch/wp-content/uploads/2018/06/gostinnaya20000-300x225.jpg" class="attachment-medium size-medium" alt="" aria-describedby="gallery-1-438" srcset="https://architurlinie.ch/wp-content/uploads/2018/06/gostinnaya20000-300x225.jpg 300w, https://architurlinie.ch/wp-content/uploads/2018/06/gostinnaya20000-768x576.jpg 768w, https://architurlinie.ch/wp-content/uploads/2018/06/gostinnaya20000.jpg 800w" sizes="auto, (max-width: 300px) 100vw, 300px" /></a>
			</div>
				<figcaption class='wp-caption-text gallery-caption' id='gallery-1-438'>
				Salle de séjour
				</figcaption></figure><figure class='gallery-item'>
			<div class='gallery-icon landscape'>
				<a href='https://architurlinie.ch/?attachment_id=440'><img loading="lazy" decoding="async" width="300" height="225" src="https://architurlinie.ch/wp-content/uploads/2018/06/KAB0000-300x225.jpg" class="attachment-medium size-medium" alt="" aria-describedby="gallery-1-440" srcset="https://architurlinie.ch/wp-content/uploads/2018/06/KAB0000-300x225.jpg 300w, https://architurlinie.ch/wp-content/uploads/2018/06/KAB0000-768x576.jpg 768w, https://architurlinie.ch/wp-content/uploads/2018/06/KAB0000.jpg 800w" sizes="auto, (max-width: 300px) 100vw, 300px" /></a>
			</div>
				<figcaption class='wp-caption-text gallery-caption' id='gallery-1-440'>
				Salle de séjour
				</figcaption></figure><figure class='gallery-item'>
			<div class='gallery-icon landscape'>
				<a href='https://architurlinie.ch/?attachment_id=442'><img loading="lazy" decoding="async" width="300" height="180" src="https://architurlinie.ch/wp-content/uploads/2018/06/last-220004-300x180.jpg" class="attachment-medium size-medium" alt="" aria-describedby="gallery-1-442" srcset="https://architurlinie.ch/wp-content/uploads/2018/06/last-220004-300x180.jpg 300w, https://architurlinie.ch/wp-content/uploads/2018/06/last-220004-768x461.jpg 768w, https://architurlinie.ch/wp-content/uploads/2018/06/last-220004.jpg 1024w" sizes="auto, (max-width: 300px) 100vw, 300px" /></a>
			</div>
				<figcaption class='wp-caption-text gallery-caption' id='gallery-1-442'>
				Maison individuelle
				</figcaption></figure><figure class='gallery-item'>
			<div class='gallery-icon landscape'>
				<a href='https://architurlinie.ch/?attachment_id=441'><img loading="lazy" decoding="async" width="300" height="180" src="https://architurlinie.ch/wp-content/uploads/2018/06/last-220001-300x180.jpg" class="attachment-medium size-medium" alt="" aria-describedby="gallery-1-441" srcset="https://architurlinie.ch/wp-content/uploads/2018/06/last-220001-300x180.jpg 300w, https://architurlinie.ch/wp-content/uploads/2018/06/last-220001-768x461.jpg 768w, https://architurlinie.ch/wp-content/uploads/2018/06/last-220001.jpg 1024w" sizes="auto, (max-width: 300px) 100vw, 300px" /></a>
			</div>
				<figcaption class='wp-caption-text gallery-caption' id='gallery-1-441'>
				Maison individuelle
				</figcaption></figure><figure class='gallery-item'>
			<div class='gallery-icon landscape'>
				<a href='https://architurlinie.ch/?attachment_id=439'><img loading="lazy" decoding="async" width="300" height="202" src="https://architurlinie.ch/wp-content/uploads/2018/06/Hotel-300x202.png" class="attachment-medium size-medium" alt="" aria-describedby="gallery-1-439" srcset="https://architurlinie.ch/wp-content/uploads/2018/06/Hotel-300x202.png 300w, https://architurlinie.ch/wp-content/uploads/2018/06/Hotel.png 655w" sizes="auto, (max-width: 300px) 100vw, 300px" /></a>
			</div>
				<figcaption class='wp-caption-text gallery-caption' id='gallery-1-439'>
				Centre commercial
				</figcaption></figure><figure class='gallery-item'>
			<div class='gallery-icon landscape'>
				<a href='https://architurlinie.ch/?attachment_id=443'><img loading="lazy" decoding="async" width="300" height="225" src="https://architurlinie.ch/wp-content/uploads/2018/06/perspektiva0000-300x225.jpg" class="attachment-medium size-medium" alt="" aria-describedby="gallery-1-443" srcset="https://architurlinie.ch/wp-content/uploads/2018/06/perspektiva0000-300x225.jpg 300w, https://architurlinie.ch/wp-content/uploads/2018/06/perspektiva0000-1024x768.jpg 1024w, https://architurlinie.ch/wp-content/uploads/2018/06/perspektiva0000-768x576.jpg 768w, https://architurlinie.ch/wp-content/uploads/2018/06/perspektiva0000-1536x1152.jpg 1536w, https://architurlinie.ch/wp-content/uploads/2018/06/perspektiva0000.jpg 2000w" sizes="auto, (max-width: 300px) 100vw, 300px" /></a>
			</div>
				<figcaption class='wp-caption-text gallery-caption' id='gallery-1-443'>
				Centre commercial
				</figcaption></figure><figure class='gallery-item'>
			<div class='gallery-icon landscape'>
				<a href='https://architurlinie.ch/?attachment_id=444'><img loading="lazy" decoding="async" width="300" height="230" src="https://architurlinie.ch/wp-content/uploads/2018/06/Autocenter-300x230.png" class="attachment-medium size-medium" alt="" aria-describedby="gallery-1-444" srcset="https://architurlinie.ch/wp-content/uploads/2018/06/Autocenter-300x230.png 300w, https://architurlinie.ch/wp-content/uploads/2018/06/Autocenter.png 668w" sizes="auto, (max-width: 300px) 100vw, 300px" /></a>
			</div>
				<figcaption class='wp-caption-text gallery-caption' id='gallery-1-444'>
				Parking
				</figcaption></figure><figure class='gallery-item'>
			<div class='gallery-icon landscape'>
				<a href='https://architurlinie.ch/?attachment_id=445'><img loading="lazy" decoding="async" width="300" height="141" src="https://architurlinie.ch/wp-content/uploads/2018/06/Autocenter-2-300x141.png" class="attachment-medium size-medium" alt="" aria-describedby="gallery-1-445" srcset="https://architurlinie.ch/wp-content/uploads/2018/06/Autocenter-2-300x141.png 300w, https://architurlinie.ch/wp-content/uploads/2018/06/Autocenter-2-768x361.png 768w, https://architurlinie.ch/wp-content/uploads/2018/06/Autocenter-2.png 797w" sizes="auto, (max-width: 300px) 100vw, 300px" /></a>
			</div>
				<figcaption class='wp-caption-text gallery-caption' id='gallery-1-445'>
				Parking
				</figcaption></figure>
		</div>

<p>Wir bieten Ihnen einen 3D-Visualisierungsservice Ihrer Skizzen, Pläne, Innenräume; Häuser, Villen und öffentliche Gebäude in außergewöhnlicher Qualität und zu sehr attraktiven Preisen. Damit garantieren wir das beste Preis-Leistungs-Verhältnis in der Schweiz.</p>
