{"id":111,"date":"2018-06-09T09:56:49","date_gmt":"2018-06-09T09:56:49","guid":{"rendered":"https:\/\/archline.ch\/?page_id=111"},"modified":"2025-02-01T18:08:27","modified_gmt":"2025-02-01T18:08:27","slug":"sur-moi","status":"publish","type":"page","link":"https:\/\/architurlinie.ch\/?page_id=111","title":{"rendered":"Portr\u00e4t"},"content":{"rendered":"<p><img loading=\"lazy\" decoding=\"async\" class=\"alignleft wp-image-308\" src=\"https:\/\/archline.ch\/wp-content\/uploads\/2018\/06\/Photo-A.-Fedorenko-2-300x228.png\" alt=\"\" width=\"400\" height=\"305\" srcset=\"https:\/\/architurlinie.ch\/wp-content\/uploads\/2018\/06\/Photo-A.-Fedorenko-2-300x228.png 300w, https:\/\/architurlinie.ch\/wp-content\/uploads\/2018\/06\/Photo-A.-Fedorenko-2.png 411w\" sizes=\"auto, (max-width: 400px) 100vw, 400px\" \/><\/p>\n<figure id=\"attachment_301\" aria-describedby=\"caption-attachment-301\" style=\"width: 218px\" class=\"wp-caption alignright\"><a href=\"https:\/\/archline.ch\/wp-content\/uploads\/2018\/06\/2.-Diplome-Fedorenko-copie.jpg\"><img loading=\"lazy\" decoding=\"async\" class=\"wp-image-301 size-medium\" src=\"https:\/\/archline.ch\/wp-content\/uploads\/2018\/06\/2.-Diplome-Fedorenko-copie-218x300.jpg\" alt=\"\" width=\"218\" height=\"300\" srcset=\"https:\/\/architurlinie.ch\/wp-content\/uploads\/2018\/06\/2.-Diplome-Fedorenko-copie-218x300.jpg 218w, https:\/\/architurlinie.ch\/wp-content\/uploads\/2018\/06\/2.-Diplome-Fedorenko-copie-743x1024.jpg 743w, https:\/\/architurlinie.ch\/wp-content\/uploads\/2018\/06\/2.-Diplome-Fedorenko-copie-768x1058.jpg 768w, https:\/\/architurlinie.ch\/wp-content\/uploads\/2018\/06\/2.-Diplome-Fedorenko-copie-1115x1536.jpg 1115w, https:\/\/architurlinie.ch\/wp-content\/uploads\/2018\/06\/2.-Diplome-Fedorenko-copie-1486x2048.jpg 1486w, https:\/\/architurlinie.ch\/wp-content\/uploads\/2018\/06\/2.-Diplome-Fedorenko-copie.jpg 1695w\" sizes=\"auto, (max-width: 218px) 100vw, 218px\" \/><\/a><figcaption id=\"caption-attachment-301\" class=\"wp-caption-text\">Master-Abschluss der Genfer Schule f\u00fcr Landschaftsbau, Ingenieurwesen und Architektur<\/figcaption><\/figure>\n<div class=\"page\" title=\"Page 1\">\n<div class=\"layoutArea\">\n<div class=\"column\"><\/div>\n<\/div>\n<div class=\"layoutArea\">\n<div class=\"column\">\n<p><strong>\u00a0\u00a0\u00a0\u00a0\u00a0\u00a0\u00a0\u00a0\u00a0\u00a0\u00a0\u00a0 <\/strong><\/p>\n<p>&nbsp;<\/p>\n<p>&nbsp;<\/p>\n<p>&nbsp;<\/p>\n<p>&nbsp;<\/p>\n<p>&nbsp;<\/p>\n<p>&nbsp;<\/p>\n<p>&nbsp;<\/p>\n<p><strong>Chefarchitekt Anastasiya Fedorenko REG A, SIA<\/strong><\/p>\n<p>Entwurf und Umsetzung von Wohn- und Gewerbearchitekturprojekten f\u00fcr Geb\u00e4ude, Villen, Chalets, Verwaltungs- und \u00f6ffentliche Geb\u00e4ude<br \/>\nInnenarchitektur und Raumoptimierung<br \/>\nRenovierung und Umbau von Villen, Wohnungen, B\u00fcros und Wohnh\u00e4usern<br \/>\nImmobilienkompetenz<br \/>\nStadtforschung<\/p>\n<\/div>\n<\/div>\n<\/div>\n<div class=\"page\" title=\"Page 1\">\n<div class=\"layoutArea\"><\/div>\n<\/div>\n","protected":false},"excerpt":{"rendered":"<p>\u00a0\u00a0\u00a0\u00a0\u00a0\u00a0\u00a0\u00a0\u00a0\u00a0\u00a0\u00a0 &nbsp; &nbsp; &nbsp; &nbsp; &nbsp; &nbsp; &nbsp; Chefarchitekt Anastasiya Fedorenko REG A, SIA Entwurf und Umsetzung von Wohn- und Gewerbearchitekturprojekten f\u00fcr Geb\u00e4ude, Villen, Chalets, Verwaltungs- und \u00f6ffentliche Geb\u00e4ude Innenarchitektur und Raumoptimierung Renovierung und Umbau von Villen, Wohnungen, B\u00fcros und Wohnh\u00e4usern Immobilienkompetenz Stadtforschung<\/p>\n","protected":false},"author":1,"featured_media":0,"parent":0,"menu_order":0,"comment_status":"closed","ping_status":"closed","template":"","meta":{"footnotes":""},"class_list":["post-111","page","type-page","status-publish","hentry"],"_links":{"self":[{"href":"https:\/\/architurlinie.ch\/index.php?rest_route=\/wp\/v2\/pages\/111","targetHints":{"allow":["GET"]}}],"collection":[{"href":"https:\/\/architurlinie.ch\/index.php?rest_route=\/wp\/v2\/pages"}],"about":[{"href":"https:\/\/architurlinie.ch\/index.php?rest_route=\/wp\/v2\/types\/page"}],"author":[{"embeddable":true,"href":"https:\/\/architurlinie.ch\/index.php?rest_route=\/wp\/v2\/users\/1"}],"replies":[{"embeddable":true,"href":"https:\/\/architurlinie.ch\/index.php?rest_route=%2Fwp%2Fv2%2Fcomments&post=111"}],"version-history":[{"count":11,"href":"https:\/\/architurlinie.ch\/index.php?rest_route=\/wp\/v2\/pages\/111\/revisions"}],"predecessor-version":[{"id":1448,"href":"https:\/\/architurlinie.ch\/index.php?rest_route=\/wp\/v2\/pages\/111\/revisions\/1448"}],"wp:attachment":[{"href":"https:\/\/architurlinie.ch\/index.php?rest_route=%2Fwp%2Fv2%2Fmedia&parent=111"}],"curies":[{"name":"wp","href":"https:\/\/api.w.org\/{rel}","templated":true}]}}

Porträt

<p><img loading="lazy" decoding="async" class="alignleft wp-image-308" src="https://archline.ch/wp-content/uploads/2018/06/Photo-A.-Fedorenko-2-300x228.png" alt="" width="400" height="305" srcset="https://architurlinie.ch/wp-content/uploads/2018/06/Photo-A.-Fedorenko-2-300x228.png 300w, https://architurlinie.ch/wp-content/uploads/2018/06/Photo-A.-Fedorenko-2.png 411w" sizes="auto, (max-width: 400px) 100vw, 400px" /></p>
<figure id="attachment_301" aria-describedby="caption-attachment-301" style="width: 218px" class="wp-caption alignright"><a href="https://archline.ch/wp-content/uploads/2018/06/2.-Diplome-Fedorenko-copie.jpg"><img loading="lazy" decoding="async" class="wp-image-301 size-medium" src="https://archline.ch/wp-content/uploads/2018/06/2.-Diplome-Fedorenko-copie-218x300.jpg" alt="" width="218" height="300" srcset="https://architurlinie.ch/wp-content/uploads/2018/06/2.-Diplome-Fedorenko-copie-218x300.jpg 218w, https://architurlinie.ch/wp-content/uploads/2018/06/2.-Diplome-Fedorenko-copie-743x1024.jpg 743w, https://architurlinie.ch/wp-content/uploads/2018/06/2.-Diplome-Fedorenko-copie-768x1058.jpg 768w, https://architurlinie.ch/wp-content/uploads/2018/06/2.-Diplome-Fedorenko-copie-1115x1536.jpg 1115w, https://architurlinie.ch/wp-content/uploads/2018/06/2.-Diplome-Fedorenko-copie-1486x2048.jpg 1486w, https://architurlinie.ch/wp-content/uploads/2018/06/2.-Diplome-Fedorenko-copie.jpg 1695w" sizes="auto, (max-width: 218px) 100vw, 218px" /></a><figcaption id="caption-attachment-301" class="wp-caption-text">Master-Abschluss der Genfer Schule für Landschaftsbau, Ingenieurwesen und Architektur</figcaption></figure>
<div class="page" title="Page 1">
<div class="layoutArea">
<div class="column"></div>
</div>
<div class="layoutArea">
<div class="column">
<p><strong>             </strong></p>
<p>&nbsp;</p>
<p>&nbsp;</p>
<p>&nbsp;</p>
<p>&nbsp;</p>
<p>&nbsp;</p>
<p>&nbsp;</p>
<p>&nbsp;</p>
<p><strong>Chefarchitekt Anastasiya Fedorenko REG A, SIA</strong></p>
<p>Entwurf und Umsetzung von Wohn- und Gewerbearchitekturprojekten für Gebäude, Villen, Chalets, Verwaltungs- und öffentliche Gebäude<br />
Innenarchitektur und Raumoptimierung<br />
Renovierung und Umbau von Villen, Wohnungen, Büros und Wohnhäusern<br />
Immobilienkompetenz<br />
Stadtforschung</p>
</div>
</div>
</div>
<div class="page" title="Page 1">
<div class="layoutArea"></div>
</div>

<p>             &nbsp; &nbsp; &nbsp; &nbsp; &nbsp; &nbsp; &nbsp; Chefarchitekt Anastasiya Fedorenko REG A, SIA Entwurf und Umsetzung von Wohn- und Gewerbearchitekturprojekten für Gebäude, Villen, Chalets, Verwaltungs- und öffentliche Gebäude Innenarchitektur und Raumoptimierung Renovierung und Umbau von Villen, Wohnungen, Büros und Wohnhäusern Immobilienkompetenz Stadtforschung</p>
